er?
False
Suppose 2*h - 8 = 4*h. Is 6/(-8) - 1055/h a prime number?
True
Let y be (6/(-10) - -1)/((-5)/(-50)). Suppose -7*d - y*d = -517. Is d a composite number?
False
Let l(a) be the first derivative of -a**3/3 + 11*a**2/2 - 9*a - 8. Let u be l(10). Is ((-95)/(-15))/(u/9) composite?
True
Suppose -77296 = 2*b - 18*b. Is b a prime number?
True
Is ((-35919)/(-156))/(6/8) prime?
True
Let p = -544 - -1144. Suppose -g + 2 = 0, -3*y + 4*g - p - 644 = 0. Is (-3)/2*y/6 prime?
True
Let i(t) = 120*t + 11. Let a be 2/(-4)*4 - -1 - -3. Is i(a) composite?
False
Is 80/10*(-7753)/(-8) a composite number?
False
Suppose 0 = 4*g - 16, -3*g - g = 4*x - 36. Suppose 5*q - 25 + x = 0. Is (q + -2023)*(-1)/3 prime?
True
Suppose 0 = -3*u + u + 12. Let v be (-1*4)/(1/u). Let b = 9 - v. Is b a prime number?
False
Suppose 0 = 27*c - 49*c + 46838. Is c composite?
False
Let v = 312 - 153. Suppose 13*p = 16*p - v. Is p a prime number?
True
Let o be (1/4)/((-17)/(-204)). Is (4 - 21/o) + 1952 composite?
False
Let k(p) = -22*p - 6. Let g = 22 + -26. Is k(g) prime?
False
Suppose -6*o - 7 = 41. Let z(b) = -315*b - 7. Is z(o) a composite number?
True
Let f be 44/(-2*(-2)/16). Let j = 387 + f. Is j composite?
False
Let c = 88 - -559. Is c a composite number?
False
Suppose -7*f + 3*f - 3*n = -43472, 2*n + 8 = 0. Is f a composite number?
True
Let h(m) = -9*m**2 + m**2 + 1 + 7*m**2 - 5*m. Let v be h(-5). Is (v - (-4 - -2)) + 160 prime?
True
Suppose -4*d = -d. Let o(g) = -g**3 + g + 15. Let q be o(d). Suppose t - 44 = q. Is t composite?
False
Let r(d) = -6 - 6*d - 3*d**3 + 7*d**3 + 4*d**2 - d**3. Let q be 4/(-22) - -46*(-8)/(-88). Is r(q) a composite number?
True
Let k be -915 - (5 + (-3 - 5)). Suppose -3763 = -3*n + 212. Let u = n + k. Is u composite?
True
Let f(q) be the second derivative of q**3/6 - 4*q**2 + 10*q. Let o be f(12). Suppose d = -o*r + 231, -219 = -d + 3*r - r. Is d a prime number?
True
Let p be 0*1/(-2) + 52. Let q(j) = 3*j**2 + 55 - p - 8*j - j**2. Is q(11) a composite number?
False
Suppose -3*n - 2*n = -3*f + 2092, -3*f + 2101 = 4*n. Suppose -o + 2102 = 3*x, -x - 8*o + 6*o = -f. Is x prime?
True
Suppose 33 = 5*l - g, 0 = 4*l + 4*g - 6 - 6. Suppose -z = -c - 1059, 3*c - l*c - 2116 = -2*z. Is z a prime number?
True
Suppose 0 = -29*x + 50440 + 33834. Is x a composite number?
True
Let u be (-6)/(-2) + -7 - 5. Let j(m) = 11*m**2 + 16. Is j(u) a composite number?
False
Suppose 31296 = 7*f - 2059. Is f prime?
False
Let d(j) = 2*j**3 + 2*j**2 + 4*j + 7873. Is d(0) composite?
False
Suppose -l - l = 2*u - 402, 0 = -3*u - 5*l + 593. Let z = u + -95. Is z a composite number?
True
Let j(z) = -74*z**2 + 2*z - 9. Let p be j(-3). Let u = p + 2779. Is u a composite number?
True
Suppose -24 = 3*k - 36. Suppose i - 135 = -3*w - 20, -325 = -3*i - 5*w. Suppose -k*c + i = -264. Is c prime?
False
Let t(f) = 359*f**2 + f - 2. Let r be t(-2). Suppose 5*h - r = -437. Is h a prime number?
True
Let w(n) = n**2 - 14*n - 3. Let y be w(15). Suppose -4*v + 2*d - y = 4*d, -d = -v - 3. Is 0 + (-2 - v) + 252 a composite number?
True
Let p(y) = -32*y**3 - 2*y**2 + y - 12. Let g(q) = q**2 + 9*q + 15. Let l be g(-3). Is p(l) composite?
True
Suppose -263202 = 9*j - 15*j. Is j composite?
False
Suppose -22*q + 179413 = -9*q. Is q a composite number?
True
Is 15992 + (-1)/4*(16 - 12) a composite number?
False
Suppose 185340 = 5*k - o, -k - 2*o = -0*k - 37068. Is (8/12)/(8/k) a composite number?
False
Let i(l) = 2*l + 22. Let s be i(-9). Suppose -4*g + f + 321 + 416 = 0, s*g + f - 727 = 0. Is g prime?
False
Let u = -15326 + 26793. Is u prime?
True
Let a be 6 + 3*3/(-9). Suppose -a*y + 17 = 2. Suppose -2921 = -3*q + 5*r, q - 2*q = y*r - 955. Is q a prime number?
True
Suppose x + n - 682 = 0, 2*n - 3*n - 2743 = -4*x. Let z = x + -378. Is z a prime number?
True
Suppose k - 1 + 8 = -2*v, 2*v + 4 = 2*k. Let u(b) = 2*b**2 + 6*b + 6. Let w be u(v). Is 14/(-4)*(-100 - w) composite?
True
Suppose 781371 + 137549 = 20*p. Is p prime?
False
Let g = 3 - -2. Suppose -n + g*v = -10, -3*n = -n + 4*v - 20. Is 786/n + (-4)/(-10) prime?
True
Suppose 5*a - 42735 + 10625 = 0. Let p = 13059 - a. Is p a prime number?
True
Let g be (-9)/(-5) + 5/25. Suppose -10*a + g*a + 7944 = 0. Is a prime?
False
Let w = 588 - -3565. Is w a composite number?
False
Let u(r) = 12*r - 5. Let w be u(18). Let i = w + 904. Is i a composite number?
True
Let f(k) = 25*k**3 + k**2 - 1. Let q = 5 + -4. Let u be f(q). Suppose 0 = s - u - 24. Is s prime?
False
Let l(g) = -168*g - 13. Let z = 21 - 25. Is l(z) a prime number?
True
Suppose -2330133 = -57*a + 3103848. Is a prime?
False
Let u = -141 - -280. Suppose u = 2*a - 1375. Is a a prime number?
True
Let k be 1 + (-902)/(0 - 2). Suppose -m = -i + k - 14, 436 = i + m. Is i prime?
False
Suppose -2*z = h + 91 - 863, 4*h - 3049 = 5*z. Is h composite?
True
Let p = -2848 + 294. Let s = p - -4011. Is s composite?
True
Let i be 642/(-4)*(-13 + 11). Suppose -3*r + 4*x + 982 = i, 0 = r - 4*x - 231. Is r a composite number?
True
Let h = 68 - -133. Suppose c = h + 2. Is c a composite number?
True
Let i(a) = a**3 - 2*a**2 - 2*a + 2. Suppose -7 = 3*d + 2. Let n be i(d). Let s = n - -92. Is s a composite number?
True
Let m = 14 - -4. Suppose 0 = 22*y - m*y - 3476. Is y a composite number?
True
Let d(k) = -63*k**2 - 9*k - 21. Let j(v) = 31*v**2 + 5*v + 10. Let i(u) = 3*d(u) + 7*j(u). Is i(-8) prime?
False
Suppose 8 = 2*b - 2. Is (5 + (b - 3))/(2/794) a composite number?
True
Let s = 1313 + -264. Is s prime?
True
Let q(d) = -d**2 - 3*d + 5167. Is q(0) a composite number?
False
Let s = 30 - 25. Suppose s*d + 2*o - 64 = 0, 0 = -5*o + 10 - 25. Is d composite?
True
Let n(y) = 18931*y**2 + 123*y - 123. Is n(1) a composite number?
True
Suppose 2077 = 2*c + x, 779 = -5*c + 2*x + 5976. Is c a composite number?
False
Let l = 870 - 573. Let k = 84 + -292. Let a = k + l. Is a a composite number?
False
Let r be (3 - 3)/((-5)/(-5)). Let g(y) = y**3 + y**2 + y - 481. Let h be g(r). Let s = 1022 + h. Is s composite?
False
Let x(u) = -u**3 - 2*u**2 - 10*u - 14. Is x(-24) a composite number?
True
Let u(q) = q**3 + 9*q**2 + 2*q - 15. Let z be ((-1)/4)/(13/(-260)). Let g(d) = -2*d**3 - 17*d**2 - 4*d + 31. Let f(y) = z*u(y) + 2*g(y). Is f(-6) composite?
True
Let o(y) = -9*y + 16. Let n be o(8). Let b = 363 - n. Is b a prime number?
True
Let l(u) = 2*u - 34. Let o be l(16). Let h(n) = 4*n - 1. Let i be h(-2). Let v = o - i. Is v composite?
False
Let w = -194 + 165. Let l = 128 - 240. Let z = w - l. Is z a composite number?
False
Let m(f) = f**3 - 3*f**2 - 4*f + 5. Let g be m(4). Suppose -2*t + 7*t - 2*p = 1047, 0 = -5*t + g*p + 1035. Is t a composite number?
False
Let u be (-2)/(72/20 + -4). Suppose -u*w = -f - 17, 5*f + 16 = 5*w - 9. Is (-7025)/(-35) + f/(-7) a composite number?
True
Suppose 0 = -z + 4*c + 16, -2*c - 2*c - 16 = 3*z. Suppose z*i - 4*i = -648. Let b = 395 + i. Is b prime?
True
Let x(b) = -2*b + 32. Let a be x(5). Is 2/a*-2 - (-8160)/110 composite?
True
Suppose 1932 = -13*r + 15*r. Let n = r + -380. Is n composite?
True
Let o(d) = -168*d + 1. Let f(q) = -q - 5. Let m be f(-4). Is o(m) a composite number?
True
Is (596*6/(-36))/(10/(-75)) prime?
False
Let v(c) = -9*c - 379. Let b(r) = -10*r - 379. Let p(i) = 5*b(i) - 6*v(i). Is p(0) composite?
False
Let s(m) = -m**2 - 9*m - 3. Let w be s(-10). Let n(k) = -k**2 - 14*k - 7. Let d be n(w). Is -2 + 43 - (d + -2) a prime number?
True
Let r(i) = -i**2 - 12. Let p(a) = 2*a**2 + a + 25. Let m = -4 + 0. Let t(o) = m*p(o) - 9*r(o). Is t(9) composite?
False
Let v(p) = -175*p - 14. Let f = -60 + 53. Is v(f) prime?
False
Suppose 5*x + r = 12, 3*x + 5*r = 3*r + 3. Suppose 6*s - 7 = x*a + 2*s, -4*a - 7 = -3*s. Is 352 - a/2*2 composite?
False
Let i = 29 + -31. Is -1*134/4*i a prime number?
True
Let d(b) = -23*b**3 - 3*b**2 + 8*b - 1. Is d(-13) a composite number?
False
Let n(l) = l**3 + 6*l**2 - 20*l + 256. Is n(7) prime?
False
Is (-52)/8*-130 - 6 composite?
False
Let c(w) = w**2 - 8*w + 7. Let p be c(7). Suppose p = 5*i - 0*i + 20. Let f(a) = -11*a + 7. Is f(i) composite?
True
Let k = -90 + 297. Let i be (-1)/(-2) - k/(-46). Suppose -3*o = -2*u - 1545 + 406, i*o - 4*u - 1897 = 0. Is o prime?
False
Let o be (20/(-12)*-3)/1. Suppose -x = -o*i + 22, x - 2 = 2*i - 12. Suppose -i*g = -0*g - 220. I